*4. Give p(u).
-1
Let a(q) be the third derivative of q**6/40 + q**5/12 - q**4/6 - q**3 - 4*q**2 - 486. Calculate a(-4).
-102
Let c(z) = 4*z**2 - z - 6 + 7 + 2*z**2 + z**3. Let q(k) = k**2 - 73. Let g be q(-10). Suppose 11*l - g*l = 96. Determine c(l).
7
Let k(b) = -b**3 + 2*b**2 - b + 4. Suppose -13*z + 280 = 7*z. Suppose z*p = 37 + 5. Determine k(p).
-8
Let j(x) = 41*x**3 - 13*x**2 + 17*x - 11. Let i(o) = -113*o**3 + 38*o**2 - 50*o + 32. Let c(q) = -4*i(q) - 11*j(q). Calculate c(6).
-37
Suppose -7*a + l = -65, -12*l - 36 = -8*l. Let s(k) = -2*k**3 + 14*k**2 + 23*k - 64. Determine s(a).
-8
Let h be 3/2*((-6)/9 + 4). Suppose -h*t = -2*m + 24, 0 = -3*t - t - 16. Let a(v) = -5*v + 207 + 16*v - 192 - v**m. What is a(12)?
3
Let a(d) = -d + 1. Let n(j) = j**2 - 6*j - 4. Let g = -224 - -227. Let k(q) = g*a(q) + n(q). Suppose 32 = 3*h + c, 25 = -c + 6*c. Determine k(h).
-1
Suppose -2*w = -7*w + 260. Let x(q) = 3 - w*q + 53*q - 9. Give x(5).
-1
Let f(u) = u**3 + 8*u**2 + 5*u + 3. Let c = 1702 + -1709. Give f(c).
17
Let g(n) = -12*n - 1. Let h(l) = -25*l + 12. Let d be h(8). Let u = d - -189. What is g(u)?
-13
Let f be (5 + -8)*((-8)/(-3))/(-4). Let s(i) = i**3 - 3*i**2 + 6*i - 5. Let j be s(f). Suppose -41 = -j*g - 23. Let r(u) = -u + 10. Calculate r(g).
4
Suppose -31 = 4*t - 5*z + 6, 4*t - 8 = -4*z. Let i(w) = w - 299. Let s(k) = 2*k - 500. Let c(a) = -5*i(a) + 3*s(a). Give c(t).
-8
Let m(c) = c**3 + 17*c**2 - 42*c + 11. Let l be m(-21). Let v = 862 + l. Let j(g) = -g**3 - 9*g**2 - 3*g + 1. Determine j(v).
28
Let v(g) = 2*g**2 + 196*g**3 - 8*g**2 + 11 - 195*g**3. Let w be (-3 + (-162)/(-24))/(3/4). What is v(w)?
-14
Suppose -4*k + 115 = -9*k. Let d be k/(-3) - (-10)/(-15). Let f(o) = o**2 - 7*o - 3. What is f(d)?
-3
Let z(o) be the first derivative of 10*o**3/3 - 3*o**2/2 + 1138. Give z(2).
34
Suppose 780*n - 207 = 757*n. Let z(s) = 11*s - 86. Calculate z(n).
13
Let j(f) = 68*f + 7. Let m(t) = -183*t - 20. Let v(x) = -8*j(x) - 3*m(x). What is v(-9)?
-41
Let a = 6/1433 + 1397/8598. Let x(f) be the second derivative of a*f**3 + 0 + 6*f + 1/2*f**2. Calculate x(-6).
-5
Let g(i) = i**2 - 5*i + 8. Let f be ((-36)/24)/(-1)*8/3. Give g(f).
4
Let a(q) = 8*q**2 + 205*q - 87. Let h be a(-26). Let x(l) = l**2 - l - 26. Determine x(h).
64
Let i(d) = -2*d**2 - 6*d - 1. Let j = -3940 - -3933. Give i(j).
-57
Let p(d) = d**3 - 2*d**2 - 7*d - 6. Let i(s) = -13*s + 453. Let o be i(35). Determine p(o).
-8
Let b(h) = 8*h - 3. Let n(q) = 62*q + 128. Let r(u) = 8*b(u) - n(u). Calculate r(0).
-152
Let f(w) = 290*w**2 - 291*w**2 + 14*w + 10 + 8. Let m be 106/7 - (-1 + (-72)/(-63)). Determine f(m).
3
Let w(r) = -48*r**2 + 3*r - 75. Let j(p) = 239*p**2 - 17*p + 413. Let u(k) = -2*j(k) - 11*w(k). What is u(1)?
50
Let c = 3863 + -3862. Let y(a) be the third derivative of a**4/12 - a**3/6 + 4*a**2. Give y(c).
1
Let b(j) = -106*j - 1169. Let k be b(-11). Let r(v) = v**2 + 16*v + 28. Determine r(k).
-11
Let p(f) be the third derivative of -5*f**4/24 + f**3/3 + 815*f**2. Let b(h) = -2*h**2. Let r be b(1). Determine p(r).
12
Let q(c) = -c**2 + 11*c - 17. Let r = 2253 + -2241. Give q(r).
-29
Let m(p) be the third derivative of 37*p**2 - 1/15*p**5 + 0 + 0*p + 1/24*p**4 + 1/6*p**3. Determine m(2).
-13
Let l = 36 + -40. Let q be ((-28)/6 + 6)/(l/(-6)). Let x(s) = s + 2*s - 5*s - s**2 - q + 6*s. What is x(5)?
-7
Let w = -41 + 73. Let y = -31 + w. Suppose -8*u + y = 9. Let q(h) = -3*h**3 + 2*h**2 - 1. Calculate q(u).
4
Let b(r) be the third derivative of -r**4/12 - r**3/2 + 5*r**2 - 8*r. Let s(l) = 3*l - 174 + 175 - 5*l. Let w be s(-1). Determine b(w).
-9
Let z(i) be the second derivative of -i**4/4 - i**3/2 - 4*i**2 + 2068*i. What is z(4)?
-68
Let l be (-2)/8*-8 + 4/2. Suppose -57 = l*r - 41. Let g(s) = -s**2 - 2*s - 4. What is g(r)?
-12
Suppose 4*h + 27 = -5*b + 7, 20 = 4*b - 4*h. Let t(c) be the second derivative of b + 2*c**2 - 10*c - 1/6*c**3. What is t(3)?
1
Suppose -l = -7*l + 24. Let y be -1 - (-1)/(l/84). Suppose -28 - y = 6*s. Let q(c) = c**2 + 9*c + 4. Calculate q(s).
-4
Let y be 108/(-24)*2*(0 + 2 + -3). Let s(n) = 5*n**3 - 46*n**2 + 11*n - 21. Calculate s(y).
-3
Let f(x) = 12*x**2 + 11*x - x + x**3 + 11*x - 658 + 669. Determine f(-10).
1
Let a = -827 - -827. Let h(d) be the third derivative of 0*d + 2*d**2 + 0 - 1/120*d**6 + 1/24*d**4 + 1/60*d**5 + 1/2*d**3. Give h(a).
3
Suppose -3*z + t = -7, -t = 3*z + 2*t - 3. Let i be z/(2 + (-7)/4). Let k(l) = i + 7 - 3*l**2 - 3*l - 15. Give k(-2).
-6
Let z be 2 + -1 - (0 - -3). Let f(v) = -2*v**2 - v - 3*v + 4 + v**3 - 2*v**2 - 2*v. Let w(y) = y**3 - 4*y**2 - 7*y + 3. Let a(n) = z*w(n) + 3*f(n). Give a(4).
-10
Let j(d) = d**2 - 7*d - 1. Let b(v) = -4 + 4 - 2*v**2 - 28*v + 55*v. Let l be b(15). Let w = 52 + l. Give j(w).
-1
Let k(i) = 204*i - 3888. Let u be k(19). Let w(x) = x**3 + 15*x**2 + 36*x + 9. Determine w(u).
9
Let o(p) = -3*p**3 + 7*p**2 - 4*p + 9. Let l(a) = -2*a**3 + a**2 + 1. Let v(r) = -2*l(r) + o(r). Let f be 0 + -3 - (1 + 2)*1. Give v(f).
-5
Let c(z) = 50*z**3 - 32*z**2 + 262*z - 15. Let t(q) = -25*q**3 + 15*q**2 - 121*q + 7. Let i(w) = -6*c(w) - 13*t(w). Determine i(2).
189
Let x(c) = 3*c - 13. Let z = 2279 + -2272. Determine x(z).
8
Let q(y) be the second derivative of 28 - 5/6*y**3 - 1/2*y**2 + 5/12*y**4 - 3*y + 1/20*y**5. Calculate q(-5).
24
Let g(z) = -3*z**2 - 10*z + 8534. Let f be g(-55). Let x(q) = 4 + 8*q + 7 - 2*q**2 + q**2. What is x(f)?
2
Let b be 1 - 12/(-5) - (-24)/(-60). Let f(q) = -7*q + 10*q + 9 - b*q + q. What is f(-9)?
0
Let t = 9 - -35. Let v(c) = -2*c**2 - 3*c**3 + 2*c**3 - 42 + t + 3*c. Determine v(-3).
2
Let x(o) = o**2 + 11*o + 27. Let k be x(17). Let i = 504 - k. Let h(c) = 2*c**3 + 2*c**2 - 3*c + 2. Give h(i).
3
Let p = 2260 + -2259. Let z(d) be the second derivative of -7*d**5/20 + d**4/6 - d**3/3 + d**2/2 - 2*d. Calculate z(p).
-6
Let p(i) = 4*i + 1. Let g(v) = -10*v - 9. Let y be g(-2). Suppose y = -3*q + 6*q - 2*k, 2*k - 14 = -2*q. Give p(q).
21
Let i be -26*7/28*-2. Let l(o) = 0 + 0 + i*o - 14*o. Calculate l(9).
-9
Let y(w) = -w + 1. Suppose -10*n - 38 = 52. Let j(u) = 14*u + 137. Let a be j(n). Give y(a).
-10
Suppose 112*y + 991 = -94*y + 167. Let z(t) = -2*t**2 - t - 2. Calculate z(y).
-30
Let v = -227 + 247. Let q(f) be the second derivative of -f**3/3 + 23*f**2 + 384*f. Determine q(v).
6
Let v(g) be the second derivative of -g**3/6 - 11*g**2/2 - 2*g. Suppose 30*m - 1170 = 102*m - 90. What is v(m)?
4
Let r(q) = q**2 + 6*q - 9. Let m be r(-7). Let d(s) be the first derivative of -s**3 - 5*s**2/2 - 3*s + 10. Let z be d(m). Let u(j) = 2*j + 7. Calculate u(z).
-3
Let n(q) = q + 10. Let u(l) = -2*l**2 - 31*l - 5. Let p be u(-15). Calculate n(p).
20
Let f(i) = i + 33. Suppose 0 = 120*k - 2428 + 388. Determine f(k).
50
Let o(p) = 3*p - 15. Suppose 0 = -11*r + 77*r + 14*r + 80. Determine o(r).
-18
Suppose s = -y - 322, -5*s - 1618 = -4*y + 5*y. Let n = 328 + s. Let u(m) be the second derivative of -m**4/12 - m. What is u(n)?
-16
Let p = -3478 - -3460. Let g(k) = k**3 + 17*k**2 - 15*k - 21. Determine g(p).
-75
Let c = 271 + -21. Let g = -246 + c. Let o(m) = -3*m**2 + 12*m - 13. Let k(y) = 2*y**2 - 8*y + 9. Let u(n) = 7*k(n) + 5*o(n). Determine u(g).
-2
Let h(r) = r + 8. Suppose 0 = k - 2*l + 59, -4*k - 2*l - 79 = -3*k. Let c = 61 + k. What is h(c)?
0
Suppose -3248*s - 552 = -3224*s. Let a(n) = -6*n - 141. Determine a(s).
-3
Let i(p) = -2*p - 1. Let y be i(6). Let w(s) = s - 1. Let a(l) = 2*l - 24. Let o(t) = a(t) - 3*w(t). Give o(y).
-8
Let y(t) = -3*t + 56. Let k be y(-3). Let v(x) = -7*x - 56 + 119 - k. Calculate v(-2).
12
Let d(j) = -j**2 - 5*j - 4. Let o(m) = -2*m + 53. Let a be o(14). Suppose 17 = -14*b - a. Give d(b).
2
Let t(u) = 3*u**3 - 9*u**2 - 82*u - 1. Let f be t(-4). Let r(a) = -2*a**2 - 23*a - 11. Determine r(f).
34
Let c(i) = -i**3 - 14*i**2 - 29*i - 57. Let d be (-58)/(-435) - (-182)/(-15). Give c(d).
3
Let p(s) = -7*s + 5. Let o(z) = 6*z**2 + z + 20. Let h be o(0). Suppose 2*u + 5*t - 28 = 0, -h = -2*u + 5*t - 8*t. Give p(u).
-23
Suppose -s + 11 = -3*f, -4*f - f + 5 = 3*s. Let v(z) = 9*z + 35. Let x(r) = 17*r + 63. Let h(c) = -7*v(c) + 4*x(c). Give h(s).
32
Let j(h) be the third derivative of 5*h**4/8 - 47*h**3/6 - 134*h**2 + 4. Determine j(3).
-2
Let q(h) = -252 - 26*h + 557 -